 14514. Calculate the greatest common factor of 13 and g.
13
Let q be (-60)/(-90)*(-54)/(-1). What is the highest common factor of 684 and q?
36
Let k = -1426 + 1431. Let o be (-4 - 1)/(1/(-7)). Calculate the greatest common divisor of k and o.
5
Let l(z) = 22*z - 629. Let t be l(48). What is the greatest common factor of t and 244?
61
Let r(y) = y**2 - 6*y + 67. Let c be r(4). Calculate the greatest common factor of c and 1.
1
Let w = -5 + -2. Let n = -52 - -90. Let q = n - w. What is the highest common factor of 5 and q?
5
Let y be (779/35 - (-21)/35)*7. Calculate the highest common factor of y and 128.
32
Let q(k) = 4*k**2 + 3*k + 6. Let s = -21 + 26. Let a be q(s). Let v be ((-2)/(4/(-22)))/1. What is the greatest common divisor of v and a?
11
Let i(q) = -2*q**3 + 12*q**2 - 5*q - 13. Let f be i(4). What is the greatest common divisor of 3503 and f?
31
Let b = -14 + 16. Suppose b*n - 4 = -0*n. Calculate the highest common factor of n and 10.
2
Let i = -8 + 0. Let b be (-4)/i + 5/(-10). Suppose b = d + 3 - 4. Calculate the greatest common factor of 1 and d.
1
Suppose -3*d = -5*l - 252, -2*l + d = 2*l + 203. Let z = -38 - l. What is the greatest common factor of 143 and z?
13
Let p be 29/(-145) + 216/5. What is the highest common divisor of p and 86?
43
Let j(x) = 4*x + 18. Let o be j(3). Let f = 34 - o. Calculate the highest common divisor of 2 and f.
2
Let a be (5 + 37/(-3))*-12. What is the greatest common divisor of 286 and a?
22
Let i(d) = 72*d**2 + 12. Let n be i(-3). What is the highest common factor of n and 36?
12
Let a = -870 - -1478. Calculate the greatest common factor of a and 19.
19
Let t(i) = i**2 - 6*i - 47. Let j be t(11). What is the highest common factor of 8 and j?
8
Let a(i) = 3*i**2 - i - 5. Let x be a(2). What is the highest common divisor of 85 and x?
5
Let w(j) = -15*j. Let q be w(-2). Let p be (-375)/75 + (-20)/(-1). Calculate the highest common divisor of q and p.
15
Suppose 2*k - 197 = 167. Let i(x) = -8*x + 598. Let t be i(73). Calculate the highest common divisor of t and k.
14
Suppose -3 = 3*l - 153. Let y = l - 10. Let u be 0 + -1 + 3 + y. What is the highest common factor of u and 21?
21
Let u = 7 + 1. Suppose -3*l + u + 7 = 0. Suppose -2*m - 2*t + 3*t = -25, 73 = l*m + t. What is the highest common factor of m and 14?
14
Let u be (-9)/(-1 + (-2)/(-4)). Let x be 44/16 + -2*5/(-40). Suppose 4 = -2*c + w + 26, -31 = -x*c + w. Calculate the greatest common factor of c and u.
9
Let m = 398 - 370. What is the highest common divisor of m and 14?
14
Let c(i) = i**3 + 10*i**2 + 6*i - 20. Let s be c(-8). What is the highest common divisor of s and 345?
15
Let n be (-4)/(-6) - 2744/(-294). Let m = 7 + 18. What is the highest common factor of n and m?
5
Suppose -2*v + 5*z + 79 - 14 = 0, -2 = 2*z. Let h = v - 25. What is the highest common divisor of h and 40?
5
Let k = 21 + -19. Suppose 0*x - k*x = -48. Let l = -15 + x. Calculate the highest common factor of l and 45.
9
Suppose 460 = 27*z - 23*z. What is the highest common divisor of z and 69?
23
Let j = 48 - 48. Suppose -40*t + 41*t - 30 = j. What is the highest common divisor of 150 and t?
30
Let i(p) = -p**3 - 7*p**2 + 17*p - 31. Let b be i(-12). Calculate the highest common factor of 5 and b.
5
Suppose 0 = 52*v + 6*v - 4872. Calculate the greatest common divisor of v and 156.
12
Let y(i) = -i**2 + 20*i + 46. Let l be y(22). Suppose l*x - 39 = -x. What is the greatest common divisor of x and 65?
13
Let h(z) be the third derivative of -7*z**4/12 - 10*z**3/3 + 9*z**2. Let a be h(-10). What is the greatest common divisor of a and 20?
20
Suppose 0*g - 4*n = -4*g + 428, 103 = g - 5*n. Suppose -4*a = 3*y + 39, 3*y = 15 - 6. Let p be 0*(-5)/15 - a. What is the highest common divisor of p and g?
12
Suppose -112 + 14 = -2*t. Let x be (4 - 4)*(1 - 0). Suppose y - t = -3*d - x*y, -3*d - 4*y = -52. Calculate the highest common factor of d and 64.
16
Let m(k) = k**3 - 8*k**2 + 9*k - 6. Let i be m(7). Let a = i + -9. Let y be (18/(-7))/(a/14). What is the greatest common divisor of 9 and y?
9
Let g(l) = 4*l + 8 + 3*l**2 - 6*l**2 - 10. Let i be g(2). Let h be 0 - (i - 0/4). What is the highest common factor of 30 and h?
6
Let p = -3 + 4. Let d = 167 + -160. Calculate the greatest common divisor of p and d.
1
Suppose -2*x = -2*u + 30 + 14, 5*u - 3*x = 104. Calculate the highest common factor of u and 19.
19
Let a(b) = -b**3 + 10*b**2 - 8*b - 8. Let m be a(9). Let u = -2 + m. Let p be u + 16 + -8 + 5. Calculate the highest common divisor of p and 132.
12
Suppose -2 = 4*q + 6. Let g be 3 + -4 + (47 - q). Calculate the highest common factor of g and 8.
8
Let l be 2772/(-165)*(-10)/3. Let f = 6 + -10. Let k = 10 - f. Calculate the greatest common divisor of k and l.
14
Suppose 0 = -q + 20 + 36. Suppose 4*o - 328 = -4*x, 0 = -5*o - 2*x + 5*x + 386. Let z = 87 - o. Calculate the highest common divisor of z and q.
8
Suppose 30 = 3*z - 21. Let v = z - 24. Let x = v - -25. What is the greatest common factor of 36 and x?
18
Suppose -87 = -7*h + 284. What is the highest common divisor of 2703 and h?
53
Let t be ((-8)/(-10) - 12/40)*6. Suppose 5 = t*r - 7. Let a = 1 + 1. Calculate the highest common divisor of a and r.
2
Let a be (11/(-33))/((-3)/63). Suppose -11*c + a*c + 48 = 0. What is the greatest common divisor of c and 6?
6
Suppose 7*w - 11 - 528 = 0. Calculate the greatest common factor of w and 44.
11
Let k be (4 - 8 - -85 - 0)*2. What is the highest common divisor of k and 24?
6
Suppose 0 = 11*o - 7 - 37. Suppose 0 = 2*x + 4*c - 7*c - 78, -3*x + 118 = -o*c. What is the highest common divisor of 6 and x?
6
Let s(c) = 13*c + 182. Let o be s(-11). Calculate the greatest common factor of o and 6.
3
Let u = 1092 + -1047. Suppose -6*k + 72 = -2*k. Calculate the greatest common divisor of u and k.
9
Let c(b) be the second derivative of -5*b**3/6 - b**2/2 + 8*b. Let i be c(-3). Calculate the highest common factor of 56 and i.
14
Let h = 7 - -16. Let g be (18/(-15))/(6/(-460)). Calculate the highest common divisor of g and h.
23
Suppose 4*d - 2 = -4*m + 2, -3*m - 5*d = 7. Let h(a) = 5*a - 10*a - 9 - 7*a + 0*a - a**2. Let s be h(-11). What is the highest common divisor of m and s?
2
Let k = 267 - 169. Suppose -7*n + 10*n - 42 = 0. What is the greatest common factor of n and k?
14
Let c be (-4)/((9 - 7)*(-2)/16). Let f be (14/(-6))/(c/(-12))*12. What is the greatest common factor of f and 147?
21
Let v be 207 - 2 - (-2 - -3). What is the greatest common factor of v and 12?
12
Suppose 157 = 3*n - 5*a, 3*n + 3*a = 5*n - 106. Suppose 2*y = -t + 35, -5*y + 5*t + n = -2*y. What is the greatest common divisor of 2 and y?
2
Let r be ((-153)/18 + 8)/(4/(-24)). Suppose n + 3*n = 0. Let h(u) = u**2 + 3. Let i be h(n). Calculate the highest common factor of r and i.
3
Let s(j) = 7*j**2 - j + 1. Let n be s(1). Let o be 8 - (-3 - 0/1). Let u = o + 17. What is the greatest common factor of n and u?
7
Suppose 47*l - 50*l = 1005. Let d be (-8)/52 - l/65. Calculate the greatest common factor of d and 15.
5
Suppose z = -2*d - 2*z + 441, -z - 1111 = -5*d. Suppose 3*s - b - 129 = -3*b, -b + d = 5*s. What is the highest common divisor of 18 and s?
9
Suppose -5*x + 4*j = -10 - 105, 0 = 3*j - 15. Suppose -2*m - 7 = -x. Calculate the highest common factor of m and 15.
5
Suppose 3 = l + 6, 5*n - 3*l = -1. Let v be n + (-4)/(-4) - -41. Calculate the greatest common factor of 8 and v.
8
Suppose 4*c = 37 + 3. Suppose 2*r + 4 - c = 0. Suppose 2*z = -h + 54, -2*h + 3*h - 81 = -3*z. Calculate the greatest common divisor of r and z.
3
Let l(v) = 0 + 11*v + 32*v**2 + 1 - 10*v + 129*v**2. Let p be l(-1). Calculate the greatest common factor of 23 and p.
23
Suppose -170*m + 167*m = -288. Suppose 0 = -3*c + 6 + 66. Calculate the greatest common divisor of m and c.
24
Suppose 5*b = -6*o + 3*o + 65, 5*b - 25 = 5*o. What is the highest common factor of 110 and b?
10
Let z = -320 - -496. Let w(s) = -s**3 - 8*s**2 + s + 7. Let a be w(-7). Let g = -27 - a. What is the highest common factor of g and z?
22
Let k be (-1)/((-6)/(-7) + (-1160)/1288). Calculate the highest common divisor of 713 and k.
23
Suppose -155*a + 160*a - 1060 = 0. Calculate the greatest common divisor of 4 and a.
4
Let r(j) = 2*j + 9. Let a be r(-7). Let z = 10 + a